vative of v**3/6 + 3*v**2/2 - 9*v. Calculate d(4).
7
Suppose 3*s = -0*s + 21. Suppose -4*l - 13 = -5, 0 = w - 2*l - s. Let y(b) = b**2 + w*b + 0*b**2 - b. Give y(-3).
3
Suppose 0 = -t + 1 - 5. Let w(o) = o - 4. Let m be w(8). Let b(j) = m*j**2 + j**3 - j**3 + 4 + 4*j**3 - 3*j**3. Determine b(t).
4
Let t(w) = w. Let o(i) = 1 - 8*i + 1 + 1 + i**2. Let n(q) = -o(q) - 6*t(q). Let u be 4 + (-1)/(5/10). What is n(u)?
-3
Let o be 26/8 - 2/8. Let k(n) = n + 4*n + n**2 + n**2 - o. Calculate k(-4).
9
Let d(h) = -h + 3. Let c(j) = -j + 2. Let p(l) = 4*c(l) - 3*d(l). What is p(5)?
-6
Let a(l) = l**2 - 6*l + 3. Let g be (-3)/9 + (-65)/(-15). Suppose 3*n - 6 = b, -5*b + g = -11. Calculate a(n).
-6
Let w(z) = z + 1. Let r be w(-1). Let n(g) = g**2 - 19. Give n(r).
-19
Suppose 0 = 4*j + 12, 31 + 5 = 4*w - 4*j. Suppose -17 = -6*g + 13. Let s = w - g. Let n(b) = 3*b**3 + b**2 - b. Calculate n(s).
3
Let k(x) be the first derivative of 5/2*x**2 - 1 + 0*x - 1/3*x**3. What is k(6)?
-6
Suppose a - 4*v - 20 = 0, -4*v + v = -2*a + 20. Suppose h + h + 15 = 3*g, -5 = a*h - g. Let o(z) = z**3 - z**2 + z - 5. What is o(h)?
-5
Let c(n) be the third derivative of 0*n**5 - 2*n**2 - 1/15*n**6 + 0*n**4 + 0 + 0*n + 1/6*n**3. Let r = 4 - 3. Give c(r).
-7
Let m be (3/6)/((-2)/12). Let r = -3 - m. Suppose r = b - 3 + 1. Let o(g) = 2*g**2. What is o(b)?
8
Let a(d) = -2*d - d**3 - d**2 - 3*d + 3*d - d**2 + 3. Give a(-3).
18
Suppose v - 1 = 2. Let a(p) = -4*p + 5. Let h(l) = -2*l + l + 2*l. Let x(c) = v*h(c) + a(c). Give x(5).
0
Suppose -3*k + 8*k = -3*r + 23, k + 2*r - 6 = 0. Let q(g) = 3*g - 1. Calculate q(k).
11
Suppose 3*j - 12 = -0. Let i(y) = -9*y + j + 2*y + y**2 + y. Give i(6).
4
Let z be 4*-1*(-2 + 1). Let d be (0 - 14/z)*-2. Suppose p = 5*p + 5*y - d, 13 = 3*p - 4*y. Let a(w) = -2*w**2 + 3*w + 4. Determine a(p).
-5
Let l(b) be the first derivative of -b**3/3 - b**2/2 + 3*b - 1. Suppose 5*o - 6 = 2*o. Suppose 7 = -3*g - o. Give l(g).
-3
Let o be (-3)/4 - (14/(-8))/(-7). Let r(n) = -n. What is r(o)?
1
Let t(d) be the first derivative of -d**3/6 - 2*d**2 + 4*d - 3. Let o(v) be the first derivative of t(v). Calculate o(7).
-11
Let u(z) = 5*z**2 + 4. Let i(g) = 14*g**2 + 11. Let b(c) = 3*i(c) - 8*u(c). Let l = 0 - 2. Let v be -3*l/(-1 + -5). Give b(v).
3
Suppose -3*p + 2 = 3*k + 5, 0 = -2*p + 5*k + 12. Let m(s) = s. Let v(z) = 3*z - 1. Let j(g) = p*v(g) - 2*m(g). Determine j(-4).
-5
Let k(r) be the third derivative of r**5/60 - r**4/6 - 5*r**3/6 + 13*r**2. Calculate k(6).
7
Let r(z) be the second derivative of z**8/1680 + z**6/360 - z**5/120 + z**4/3 + 4*z. Let v(l) be the third derivative of r(l). Determine v(1).
5
Let a(h) = -h**2 + 3*h + 2. Let s(p) = 2*p - 16. Let w be s(10). What is a(w)?
-2
Suppose 0*y - 4*y + 120 = 0. Let b be ((-16)/40)/(2/y). Let v(x) = -x**2 - 7*x - 3. What is v(b)?
3
Let h(s) = -s**2 + 5*s - 9. Let v(l) = -2*l**2 + 10*l - 17. Let a(p) = 5*h(p) - 3*v(p). Calculate a(6).
12
Let z(q) = -3*q - 2*q + 6*q + 0 - 1. Calculate z(-5).
-6
Suppose 5*u = -y - 0 + 11, u = -5*y + 7. Let h(l) = 4*l + 1. Determine h(y).
5
Let p(n) be the second derivative of n**5/20 - 5*n**4/6 + 3*n**3/2 - 5*n**2/2 - 11*n + 1. What is p(9)?
-5
Let r(i) be the second derivative of 1/2*i**3 - i + i**2 + 0. What is r(3)?
11
Let x(k) = -k - 5. Let p be 4/16 - 15/(-4). Suppose 0 = -o + p*o + 9. Let l = -7 - o. Calculate x(l).
-1
Let m(k) be the third derivative of k**6/120 + k**5/12 + 2*k**3/3 - 10*k**2. Determine m(-5).
4
Let a(b) be the second derivative of -1/3*b**3 + b + 0 + 3*b**2. Suppose -k + 3 = -1. Determine a(k).
-2
Let u = -22 - -22. Let f(b) = b - 1 - 5*b + 5*b - b**2 + u*b**2. What is f(2)?
-3
Let j(p) = p**3 + p**2 - 1. Let t = -17 - -7. Let z(u) = -u**3 - 9*u**2 + 11*u + 8. Let m be z(t). Calculate j(m).
-5
Let p(x) = -x**2 - x + 4*x**2 + 2*x**2. Let g be 1 - 0 - 2/1. Determine p(g).
6
Let j(o) = 3*o**2 + 2 + 3*o + 6*o - 5*o. What is j(-2)?
6
Let b(x) = 3*x - 3. Let u(k) = -2*k + 2. Let s(d) = -3*b(d) - 4*u(d). What is s(2)?
-1
Let i(x) = -2*x + 3. Let z(a) = -3*a + 6*a - a**2 - 12 + 6*a + a. Let t(p) = p**2 + p + 3. Let r be t(-3). Let b be z(r). Calculate i(b).
9
Let z(r) = -2*r + 1. Let n(l) = -3*l + 1. Let f(q) = -2*n(q) + 5*z(q). What is f(2)?
-5
Let w(d) = d - 3*d**2 + d - 1 + 2*d**3 - d - d**3. Give w(3).
2
Let w be 0 - 10/4*-2. Let h(f) = -5*f + 8*f - w*f + 2. Give h(6).
-10
Let x(o) = -o**3 - 4*o**2 - o + 2. Let g be x(-4). Suppose -p + 5*t = 4*t + 9, 0 = -5*p - 4*t - 72. Let m = g + p. Let d(v) = v**2 + 7*v + 5. Calculate d(m).
-1
Suppose -3*y - 1 - 7 = -2*o, 0 = -5*y + 4*o - 12. Let z(j) = -j**2 - 7*j. What is z(y)?
12
Let q(j) = -11*j - j**3 + 4*j + 8*j - 17. What is q(0)?
-17
Suppose 0 = 3*r - 3*w + 6, 0 = 5*r - 3*w + 7 + 7. Let j(c) = -c**3 - 6*c**2 - 3*c + 3. Calculate j(r).
-17
Let o(r) = 2*r - 5. Let v(q) = -2*q + 7. Let j be v(0). What is o(j)?
9
Let w(p) be the first derivative of p**3/3 - 11*p**2/2 + 7*p - 8. Give w(7).
-21
Suppose 2*v = -2*v - 20. Let g(x) = x**2 + 5*x + 4. Determine g(v).
4
Let v(l) = -l + 20*l**3 - 4 - 15*l**3 - 4 - 6*l**3. Let q = 0 + 0. Calculate v(q).
-8
Let g(n) = -11*n**2 - 8*n - 11. Let z(c) = -5*c**2 - 4*c - 5. Let s(t) = 6*g(t) - 13*z(t). What is s(4)?
-1
Let u = 4 - 1. Let a(w) = -w - 3*w + u + 2*w - 2*w. Give a(2).
-5
Let p(o) = o**2 - 8*o + 8. Let h be p(7). Let k(f) = 4*f + 1. What is k(h)?
5
Suppose 5*l + 2*t = 61, -l + t + 17 = -t. Suppose -2 = -3*o + l. Let n(z) = z**2 - 6*z + 2. Give n(o).
-3
Let q(k) = 8*k - 5. Let p(t) = -9*t + 6. Let z(b) = -5*p(b) - 6*q(b). Determine z(-1).
3
Let t(v) = -3*v - 2*v - 6 + v**2 + 2*v. Suppose 3*d = 3*z + 9, 0 = -4*z + 2*z + 8. Let b = d + -2. Calculate t(b).
4
Let q(u) = -5*u**2 + 2*u - 1. Let c be q(1). Let n(d) be the third derivative of -d**5/60 - d**4/6 - d**3 + 13*d**2. What is n(c)?
-6
Let f(z) be the first derivative of z**4/4 - 5*z**3/3 + 2*z**2 + z + 23. Determine f(3).
-5
Suppose -2*i + 5*d = -3, i - 4*d + 16 = 4*i. Let y be i/14 + 48/(-21). Let u(r) = 4*r + 2. Calculate u(y).
-6
Let l(i) = i + 5. Let p = 13 - 13. Suppose 3*q + 15 = p, 2*c - 20 = 4*q - 0. Give l(c).
5
Let d(h) = 4*h**2 + 2*h**3 - h**3 + 6 + 0*h**2 - 4*h. Give d(-5).
1
Suppose -t = 5*d - 0 + 8, -2*d - 14 = 4*t. Let j(i) be the first derivative of i**2 + 4*i - 2. Determine j(t).
-2
Let k(h) = h**3 - 6*h**2 - h - 1. Let w = 64 - 58. What is k(w)?
-7
Let f(h) = -h**2 - 4*h + 1. Let l be f(-6). Let u = 8 + l. Let r be 12/(-4)*(-2)/u. Let g(z) = z**2 + z + 2. Give g(r).
4
Let l(q) = -9 - 5*q + 4*q + 3*q + 2*q. Determine l(6).
15
Suppose 2*r + 2*r = 20. Let m(k) = 3*k**2 - 5 + 6 + r*k**2. What is m(1)?
9
Let k be (-3)/5 + 36/10. Let p(v) = 5*v + 2. Calculate p(k).
17
Let k(z) = z**3 + 4*z**2 - 7*z - 7. Suppose -4*g - 12 = -2*f + 4, g - 23 = -4*f. Let h(j) = 2*j - f*j - 2*j**2 + j + 1 + j**3. Let n be h(2). What is k(n)?
3
Let z be 0 - -1 - 0/2. Let s(k) be the third derivative of k**6/240 + k**5/120 - k**4/24 - 6*k**2. Let w(a) be the second derivative of s(a). What is w(z)?
4
Let r(p) = p**3 + 5*p**2 + p - 4. Let v(t) = t**2 - 6*t + 4. Let c be v(3). Determine r(c).
-9
Let t(i) = -10*i**2 + 1. Let y(s) = s**2 - 4*s - 1. Let h be y(3). Let b = -1 - h. Suppose -2*f = f + b. Give t(f).
-9
Let b(j) = -4*j - j**3 + 2 + 78*j**2 - 76*j**2 + 0*j**3. Give b(2).
-6
Let r(d) = 2*d**3 - 3*d**3 - d + d**2 + 2*d**2 + 0*d**3. Let i(p) = p**2 - 7*p + 9. Let h(c) = c**3 + 3*c**2 + 2. Let b be h(-2). Let s be i(b). Give r(s).
-3
Let o = 92 - 90. Let a(v) be the second derivative of v**3/3 - 3*v**2/2 - v. Determine a(o).
1
Let i(j) = -4*j + 3. Let d be i(2). Let n(m) = -m. What is n(d)?
5
Let c be ((-27)/(-18))/(1/(-2)). Let b(m) = -m**2 + 2*m + 3. Give b(c).
-12
Let x(v) = -9 - 6 + v + 0*v. Let g(j) = -j**2 - j + 1. Let p(r) = -g(r) - x(r). Give p(0).
14
Let i(a) be the third derivative of -a**4/12 + a**3/6 - 33*a**2. Determine i(-1).
3
Let k(m) = -m**2 + 4*m + 1. Let l = 16 - 13. Determine k(l).
4
Let w(s) = 0*s**2 - 13*s**2 + 0*s**2. Give w(-1).
-13
Let a(b) = -b**2 + 4*b + 3. Let y(l) = -7 - 8 + 3*l + 17 - l**2. Let c(w) = 3*a(w) - 2*y(w). What is c(6)?
5
Let m(k) = -4*k + 3*k**3 + 1 - 2*k**3 - 4 + 0*k**3. Let u be m(-2). Let s(o) = 2*o - 2. Determine s(u).
-8
Suppose 2*j = 2*n - 8, 3*j = -3*n - 7 - 5. Let o(y) be the second